29 - -48 - 44).
-9
(5 - 55) + (12 - 23 - -27)
-34
-2 + -32 + (1419 - 1334)
51
50 - (9 - -33) - -28
36
What is (-4 - -14) + -13 + (-3 - -10) + -79?
-75
5 + -7 + 6 + (64 - (0 + 12))
56
What is (-328 + 338 - (25 + 4 - 4)) + 78?
63
What is -1 - (-98 + (-23 - -135))?
-15
-35 + 41 - (-79 + -2 - (-41 + 62))
108
What is -128 - (62 + -103) - -35?
-52
Calculate 10 + (-8 - (-27 - -30)).
-1
Evaluate 37 + -26 - (-7 - (6 - 34)) - (9 + -1).
-18
-39 + 3 + (-1723 - -1773)
14
Calculate 64 + -4 - (-5 + -20 + 9 + 6 + 1).
69
Calculate (-5196 - -5323) + (1 - 227).
-99
Calculate (9 - (-1 - 0)) + 413 + -412 + -2.
9
Evaluate 39 - (-91 - (-93 + 9)).
46
-65 + ((41 - -4) + -23 - 28)
-71
Calculate 0 - (-21 - -1 - -34).
-14
What is the value of 3157 - 3077 - (1 + 142)?
-63
What is -2 + -4 + 10 + 1 - (77 + -74)?
2
(-3 + 7 - 15) + (29 + 0 - (29 - 6))
-5
-20 + 5 + 2 - (-18 + (63 - 33))
-25
Evaluate 10 + 21 + -2 + -12 + (9 - (5 - 12)).
33
Calculate (1 + (-10 - -5) + 7 - 5) + 17.
15
Evaluate 6 - -2 - (99 + (-11 - -3 - (-13 - -11))).
-85
What is the value of 2782 - 2859 - (-38 - 1)?
-38
What is 6 + -4 - 13 - (270 + -312)?
31
Calculate -46 - (-20 + (39 - (6 + 17))).
-42
What is the value of 78 + -31 + -44 + 2 + (35 - -1)?
41
Calculate (-3 - 5) + (-12 + (-11 - 14) - 63).
-108
What is the value of (4 - -4) + (-23 - (48 - 61))?
-2
Calculate 37 + (31 - (-34 + 106)).
-4
Calculate (-2504 - -2559) + -3 + -89.
-37
What is (657 - 700 - (-54 + 2)) + 2 + -4?
7
Calculate (-92 + 217 + -136 - (2 + -24 - 2)) + -8.
5
Evaluate (47 - 17) + (0 - 1) - (-13 + 16).
26
Evaluate (-1 - 1 - (-420 + 388)) + -4 + 2 + 2.
30
What is -38 + -2 + -20 + (27 - -6 - 28)?
-55
-16 + -1 + (252 - (204 + 45))
-14
What is (2 - 9) + 12 + 9 - (2 + 40)?
-28
What is (-13 - (-6 + -22 + 10)) + 7 + (-2 - 6)?
4
Evaluate (51 - 34) + -9 + 10.
18
What is -41 - (-8 + (-84 - 0))?
51
What is the value of 10 - (10 + (16 - -2 - 25) - (45 + 0))?
52
What is the value of 0 - (25 - (-12 + 27 + -11))?
-21
What is the value of 18 + (4 - (28 - 5)) + 1 + 0?
0
Calculate -21 + (11 - 6 - (12 + -18)).
-10
What is 1 - 34 - (69 + (38 - 125))?
-15
9 + -6 + 37 - (-133 - -139)
34
What is -22 + (12 - -23) - 19 - -33?
27
What is the value of -64 - (-3 + -16) - (-6 + -1)?
-38
Calculate -11 - (1 + -42 - (3 + 13 - 26)).
20
What is 26 - ((15 - 31) + 25) - 46?
-29
Calculate -39 + (-4 - 16) + 142 + -120 + 1 + -10.
-46
(57 - 20 - 45) + 13 + 2 + -2 + 30
35
What is the value of (-1700 - -1724) + 39 + (0 - -1)?
64
Evaluate (4 - 1) + (-23 + -19 - (-8 - -41)).
-72
(-44 - (1 - -8)) + 51
-2
Calculate -19 + (8 - 15) - (13 + -29).
-10
What is the value of -684 + 676 - (-49 + -1 + -3)?
45
What is 47 - 30 - (-12 + 23 + 6)?
0
What is 390 + -419 + 9 + 3 + -11 + 6?
-22
Evaluate (23 - (-13 + -10)) + (14 + 0 - (-2 + 2)).
60
What is the value of (-139 - -1) + (37 - (71 + -72))?
-100
-9 + -30 + 38 + 15
14
What is the value of (-1 - (-6 + -9)) + 40 + (3 - 32)?
25
Calculate -115 - ((-269 - -251) + 25 + 2).
-124
What is the value of 30 + -18 + 109 + 3 + -11?
113
Evaluate (18 - 22 - -16) + 0 - -4.
16
What is 39 - (-16 + 35 + -6 + -11 + -3)?
40
86 + (-30 - 49 - -31)
38
Evaluate (-124 - -46) + 37 + -3.
-44
Calculate 83 + -58 + -42 - (-1 - -22).
-38
Evaluate (9 - (-19 + 31)) + 13 + 17.
27
Evaluate (5 - 8) + -23 + (8 - 22) + 7.
-33
Calculate -51 - (-14 - (11 + 1 + -20)).
-45
Evaluate 34 + (27 + -75 + 24 - -28).
38
What is the value of (66 - 78) + (-19 + 8 - 9)?
-32
Evaluate (-7 + -116 - 30) + 0 + 41.
-112
What is the value of 9 + -1 + (24 + -31 - (-14 - (-2 - 2)))?
11
What is (42 + -99 - -6) + 106?
55
Calculate (-54 - -1) + (-81 - (-13 - 56) - (-2 - 15)).
-48
What is 4 + 0 + (7 - (-19 - -9 - -17))?
4
What is the value of -42 + (-16 - 32 - -107)?
17
105 + 0 - 0 - (10776 - 10748)
77
What is the value of -15 + (-97 - -84 - (4 - (2 + -41)))?
-71
Evaluate 1 - ((-7 - -141) + -17 + 30 - (7 + -1)).
-140
158 + (-151 + 160 - (0 - -13)) + (-7 - -9)
156
171536 - 171462 - (1 - (15 + 0 + -1))
87
0 + -16 + (-176 + 81 - -126)
15
What is the value of -1 + (17 - (1 + 4) - (-2 + 10 - 27))?
30
What is the value of 0 + 0 - (-45 + (-85 - -104))?
26
What is the value of -44 + 1 - (-18 - (7 + -22)) - (-167 - -169)?
-42
Calculate (36 - (-19 + 0)) + 16.
71
Evaluate (-11 + 20 - -20) + (2 - 0) + (-575 - -570).
26
Evaluate (22 - 2) + 57 + (-54 - 12).
11
-40 - -1 - (1563 + -1610)
8
What is (-1 - -1) + -23 - (118 - (-55 - -172))?
-24
-4 + 2 + (30 - 47 - -18) + 0 + -2
-3
What is -18 + -38 + (-15 - -8 - -20)?
-43
Evaluate 14 - 79 - (49 - 128).
14
What is the value of (-2 - -14) + -7 + -1 - (-11 - (-3 - 0))?
12
What is (0 - 22 - 8) + -2 + 29?
-3
-6 + -18 + -2 + -3 + -50 + -32
-111
Calculate (21 - -11) + -323 + 277 + -60 + 0.
-74
Calculate -356 + 359 - (-3 + -12) - 122.
-104
Evaluate (3 - 17) + 1195 + -1166.
15
11 + -85 + (3 - -20)
-51
What is -3 + (-62 + 44 - -72)?
51
What is the value of (2 - 3) + 9 - (-86 + 106)?
-12
Calculate 63 + -22 + 23 + -17 + -5.
42
What is 91 + -2 + 17 + -2 + (-1 - (14 - -9))?
80
-3 + -131 + (-15 - (4 + -9)) + (2 - -1)
-141
Evaluate 42 + -57 + 27 + -16.
-4
Evaluate 24 + (-3 - 13) + -5 - 38.
-35
Calculate 1079 + -1135 - (-3 - -32 - -2).
-87
Calculate 37 + (51 + -123 - (-26 - -21)).
-30
Evaluate 1 + -76 + -10649 + 10718.
-6
Evaluate (-8 - -6) + (14 + (-11 - 2) - 6).
-7
Evaluate 35 + -36 - (-122 + 177).
-56
Calculate 123 - ((382 - 380) + (-3 - -33)).
91
Evaluate 155 - 133 - (-17 - (-38 - -12)).
13
-186 + -1 + (-1884 - -1946)
-125
What is (-15 + 15 + 0 - (-18 - -3)) + 20?
35
Calculate 7 - (2 + -5) - (-9 - (-10 + -12 + 12)).
9
What is 9 + (-5 - 4) - -26?
26
What is -251 - -31 - -161 - ((0 - 7) + 2)?
-54
Calculate -9 + (38 - -4) + -4 + 3 - 7.
25
Evaluate 100 + -80 - (-1 - 6 - 1).
28
Calculate 51 - 0 - (-116 - -9 - -109).
49
What is the value of -1 + 9 + 0 + 1 - (-20 + (45 - 22))?
6
Evaluate 12 + -6 + 14 + -2.
18
What is the value of -20 + 1 - (43 + -140 + 54)?
24
(0 - (-6 + 7 + -3)) + -39 + (10 - -21)
-6
What is the value of -1 + 147 + (81 - 72) - 28?
127
Evaluate -4 + (8 + 11 - 2) + 12 + 9.
34
91 + (-40 - (23 - 14))
42
What is the value of -67 - -38 - (21 - 4)?
-46
Evaluate -56 + (209 - 182) + 2 + -38.
-65
Calculate -31 + (-14 - -16) - -65.
36
What is 34 - (-68 + -28 - -96)?
34
Evaluate 49 - (-24 - (-28 - -3)).
48
Calculate 37 + -4 + (-8 - 5) + (-1 - -6).
25
-8 - -6 - 76 - (-130 - -108)
-56
What is -33 + -26 - -73 - 12?
2
Evaluate 73 + (-65 - (26 - 68)).
50
Calculate 93 - 20 - (-26 - -88) - (0 + 40).
-29
Calculate (-28 - -118) + -98 - 43.
-51
Evaluate -41 - -24 - (-95 - -58).
20
Evaluate -32 - 28 - (13 + (5 - (-6 - -4))).
-80
(1 - (-4 - 3 - 0)) + -5 - (-55 + 2)
56
What is (-13 - 27) + 3 + (18 - 22)?
-41
Evaluate -74 - 10 - (8 - (-24 - -22)).
-94
-9 + (-38 - (-23 - -12) - -23)
-13
(-12 + 4 + -13 + 36 - 5) + 46 + 0
56
What is 49 + 76 + (-107 - -82)?
100
Calculate 14 + -90 - -19 - 12 - (16 + -8).
-77
37 - (-10 - (6 - 10))
43
What is the value of (16 + -14 + 42 - 25) + -74?
-55
What is the value of (14 - 30) + (26 - (34 + -168))?
144
What is -6 + -28 - (-84 + -47) - (-10 + (1 - -1))?
105
Evaluate -51 - (-73 - -35 - -3).
-16
What is (-4 - -1) + -6 + 13 + 0 - (-24 + 59)?
-31
Calculate 30 + 0 + (138 - 261).
-93
Evaluate 352 + -399 - (-2 - 21).
-24
What is 55 - (1 - (-49 + -17))?
-12
What is (90 - (15 - 7)) + -9 + (-7 - -20) + -6?
80
What is the value of -1 + (6 - 120) + -5 + (-55 - -81)?
-94
Evaluate 62 + -259 + (30 - -100).
-67
Evaluate (33 - -130) + -106 + -6.
51
What is the value of 433 + -526 + (-1 - -16) - -23?
-55
What is (30 + -22 - 24) + -46 + 14?
-48
What is (8 - 1) + -61 + 58 + (-39 + 4 - 19)?
-50
Evaluate -80 + 1593 + -1606 + (-2 + 28 - 2).
-69
Calculate (-6 + 31 + -16 - -4) + -5.
8
Evaluate 2 + 4 - -39 - (-81 - -54).
72
What is -32 + -4 + 4 + (28 - 17) + 6 + 4?
-11
What is (31 - (19 - -2)) + 11 + -6 + 3?
18
Calculate 5 + -21 + 464 + -454 + 136 + (-1 - 0).
129
What is -13 + (1 - 12) + (130 - 133)?
-27
-20287 + 20320 - (0 - 39)
72
Evaluate 10 + -6 - (-8 - -5).
7
Evaluate -14 - ((-23 - -42) + -14) - 21.
-40
What is 70 - 49 - -5 - -65?
91
What is the value of 27 - 1 - ((2 - -27) + (135 - 155))?
17
Calculate 2327 + -2286 - (-72 - 0) - 30.
83
What is the value of (10 - -4) + 2 + (9 - (3 - -12)) + 0?
10
Calculate (-56 - -83) + -1 - (3 + (1 - 2)).
24
What is the value of -1 + -47 - ((121 - 158) + (